{"id":1084,"date":"2022-04-04T09:49:17","date_gmt":"2022-04-04T07:49:17","guid":{"rendered":"https:\/\/ovm.baixemporda.cat\/?page_id=1084"},"modified":"2022-11-08T15:05:44","modified_gmt":"2022-11-08T13:05:44","slug":"repositori-de-bones-practiques-2","status":"publish","type":"page","link":"https:\/\/ovm.baixemporda.cat\/index.php\/repositori-de-bones-practiques-2\/","title":{"rendered":"Repositori de bones pr\u00e0ctiques del Baix Empord\u00e0"},"content":{"rendered":"<div data-colibri-id=\"1084-c1\" class=\"style-1561 style-local-1084-c1 position-relative\">\n  <!---->\n  <div data-colibri-component=\"section\" data-colibri-id=\"1084-c2\" id=\"features\" class=\"h-section h-section-global-spacing d-flex align-items-lg-center align-items-md-center align-items-center style-1570 style-local-1084-c2 position-relative\">\n    <!---->\n    <!---->\n    <div class=\"h-section-grid-container h-section-boxed-container\">\n      <div data-colibri-id=\"1084-c10\" class=\"h-row-container gutters-row-lg-2 gutters-row-md-2 gutters-row-0 gutters-row-v-lg-2 gutters-row-v-md-2 gutters-row-v-2 style-1575 style-local-1084-c10 position-relative\">\n        <!---->\n        <div class=\"h-row justify-content-lg-center justify-content-md-center justify-content-center align-items-lg-stretch align-items-md-stretch align-items-stretch gutters-col-lg-2 gutters-col-md-2 gutters-col-0 gutters-col-v-lg-2 gutters-col-v-md-2 gutters-col-v-2\">\n          <!---->\n          <div class=\"h-column h-column-container d-flex h-col-lg-auto h-col-md-auto h-col-auto style-1576-outer style-local-1084-c11-outer\">\n            <div data-colibri-id=\"1084-c11\" class=\"d-flex h-flex-basis h-column__inner h-px-lg-2 h-px-md-2 h-px-2 v-inner-lg-2 v-inner-md-2 v-inner-2 style-1576 style-local-1084-c11 position-relative\">\n              <!---->\n              <!---->\n              <div class=\"w-100 h-y-container h-column__content h-column__v-align flex-basis-100 align-self-lg-start align-self-md-start align-self-start\">\n                <!---->\n                <div data-colibri-id=\"1084-c12\" class=\"h-global-transition-all h-heading style-1577 style-local-1084-c12 position-relative h-element\">\n                  <!---->\n                  <div class=\"h-heading__outer style-1577 style-local-1084-c12\">\n                    <!---->\n                    <!---->\n                    <h2 class=\"\">Si ets una entitat o administraci\u00f3&#8230;..<\/h2>\n                  <\/div>\n                <\/div>\n                <div data-colibri-id=\"1084-c13\" class=\"h-lead h-text h-text-component style-1578 style-local-1084-c13 position-relative h-element\">\n                  <!---->\n                  <!---->\n                  <div class=\"\">\n                    <p>Et donem idees per fer prevenci\u00f3 de viol\u00e8ncies&nbsp;<\/p>\n                  <\/div>\n                <\/div>\n              <\/div>\n            <\/div>\n          <\/div>\n        <\/div>\n      <\/div>\n      <div data-colibri-id=\"1084-c3\" class=\"h-row-container gutters-row-lg-2 gutters-row-md-2 gutters-row-2 gutters-row-v-lg-2 gutters-row-v-md-2 gutters-row-v-2 style-1571 style-local-1084-c3 position-relative\">\n        <!---->\n        <div class=\"h-row justify-content-lg-center justify-content-md-center justify-content-center align-items-lg-stretch align-items-md-stretch align-items-stretch gutters-col-lg-2 gutters-col-md-2 gutters-col-2 gutters-col-v-lg-2 gutters-col-v-md-2 gutters-col-v-2\">\n          <!---->\n          <div class=\"h-column h-column-container d-flex h-col-lg-3 h-col-md-3 h-col-6 style-1572-outer style-local-1084-c4-outer\">\n            <div data-colibri-id=\"1084-c4\" class=\"d-flex h-flex-basis h-column__inner h-px-lg-0 h-px-md-0 h-px-0 v-inner-lg-0 v-inner-md-0 v-inner-2 style-1572 style-local-1084-c4 position-relative\">\n              <!---->\n              <!---->\n              <div class=\"w-100 h-y-container h-column__content h-column__v-align flex-basis-100 align-self-lg-start align-self-md-start align-self-start\">\n                <!---->\n                <div data-colibri-id=\"1084-c5\" class=\"h-icon style-1573 style-local-1084-c5 position-relative h-element\">\n                  <!----><span class=\"h-svg-icon h-icon__icon style-1573-icon style-local-1084-c5-icon\"><!--Icon by Icons8 Line Awesome (https:\/\/icons8.com\/line-awesome)--><svg version=\"1.1\" xmlns=\"http:\/\/www.w3.org\/2000\/svg\" xmlns:xlink=\"http:\/\/www.w3.org\/1999\/xlink\" id=\"share-alt\" viewBox=\"0 0 512 545.5\"><path d=\"M256 96c34.304 0 62.147 27.51 63.5 61.5C377.19 181.993 416 239.09 416 304c0 3.343-.242 5.917-.5 8.5 19.294 11.065 32.5 31.814 32.5 55.5 0 35.156-28.844 64-64 64-9.195 0-18.072-1.957-26-5.5-27.72 23.3-63.883 37.5-102 37.5s-74.28-14.2-102-37.5c-7.928 3.543-16.805 5.5-26 5.5-35.156 0-64-28.844-64-64 0-23.438 13.037-43.85 32-55-.13-3.22 0-6.257 0-9 0-64.91 38.81-122.007 96.5-146.5C193.853 123.51 221.696 96 256 96zm0 32c-17.862 0-32 14.138-32 32s14.138 32 32 32 32-14.138 32-32-14.138-32-32-32zm-56.5 61.5C156.62 210.3 128 254.07 128 304c35.156 0 64 28.844 64 64 0 14.316-4.956 27.3-13 38 21.403 16.185 48.904 26 77 26s55.597-9.815 77-26c-8.044-10.7-13-23.684-13-38 0-35.156 28.844-64 64-64 0-49.93-28.62-93.7-71.5-114.5-10.744 20.386-32.003 34.5-56.5 34.5s-45.756-14.114-56.5-34.5zM128 336c-17.862 0-32 14.138-32 32s14.138 32 32 32 32-14.138 32-32-14.138-32-32-32zm256 0c-17.862 0-32 14.138-32 32s14.138 32 32 32 32-14.138 32-32-14.138-32-32-32z\"><\/path><\/svg><\/span><\/div>\n                <div\n                  data-colibri-id=\"1084-c6\" class=\"h-global-transition-all h-heading style-1574 style-local-1084-c6 position-relative h-element\">\n                  <!---->\n                  <div class=\"h-heading__outer style-1574 style-local-1084-c6\">\n                    <!---->\n                    <!---->\n                    <a href=\"https:\/\/ovm.baixemporda.cat\/wp-admin\/post.php?post=983&amp;action=edit\" h-use-smooth-scroll=\"true\">\n                      <h4 class=\"\">Repositori de bones pr\u00e0ctiques<\/h4>\n                    <\/a>\n                  <\/div>\n              <\/div>\n            <\/div>\n          <\/div>\n        <\/div>\n        <div class=\"h-column h-column-container d-flex h-col-lg-3 h-col-md-3 h-col-6 style-1572-outer style-local-1084-c7-outer\">\n          <div data-colibri-id=\"1084-c7\" class=\"d-flex h-flex-basis h-column__inner h-px-lg-0 h-px-md-0 h-px-0 v-inner-lg-0 v-inner-md-0 v-inner-2 style-1572 style-local-1084-c7 position-relative\">\n            <!---->\n            <!---->\n            <div class=\"w-100 h-y-container h-column__content h-column__v-align flex-basis-100 align-self-lg-start align-self-md-start align-self-start\">\n              <!---->\n              <div data-colibri-id=\"1084-c8\" class=\"h-icon style-1573 style-local-1084-c8 position-relative h-element\">\n                <!----><span class=\"h-svg-icon h-icon__icon style-1573-icon style-local-1084-c8-icon\"><!--Icon by Icons8 Line Awesome (https:\/\/icons8.com\/line-awesome)--><svg version=\"1.1\" xmlns=\"http:\/\/www.w3.org\/2000\/svg\" xmlns:xlink=\"http:\/\/www.w3.org\/1999\/xlink\" id=\"certificate\" viewBox=\"0 0 512 545.5\"><path d=\"M256 80c9.983 0 19.968 3.405 28.5 9.5L311 108l30 4h.5c21.032 2.554 37.638 19.561 40.5 40.5.053.387.457.61.5 1h-.5l6 30 18.5 26.5c12.19 17.064 11.676 39.618.5 57.5v.5l-.5.5L388 295l-4 30 50 76 16.5 24.5H374l-18.5 43L344 496l-16.5-25-50.5-76c-13.095 6.064-28.457 5.585-42 0l-50.5 76-16.5 25-11.5-27.5-18.5-43H61.5L78 401l51.5-78.5-5-27.5-19-26.5c-12.19-17.064-11.676-40.118-.5-58v-.5l.5-.5 18.5-24 4-31v-.5l.5-.5c4.534-20.402 20.598-36.466 41-41l.5-.5h.5l30.5-4 26.5-18.5c8.532-6.095 18.517-9.5 28.5-9.5zm0 32.5c-3.666 0-7.332 1.095-10 3L217.5 136l-3.5 2.5-4 .5-33.5 4.5c-.247.055-.257.438-.5.5-7.79 2.005-13.995 8.21-16 16-.063.243-.445.253-.5.5L155 194l-.5 4.5-2.5 3-20 26c-4.824 7.72-4.31 17.165-.5 22.5l20.5 28.5 2.5 3 .5 4 6.5 36.5v1c.246 2.212 1.006 4.255 2 6 2.224 3.903 6.053 6.45 11 7h.5l35 5 4.5.5 3 2.5 26 20c7.72 4.824 17.165 4.31 22.5.5l28.5-20.5 3-2.5 4-.5 36.5-6.5h1c4.002-.444 7.192-2.272 9.5-5v-.5l1-.5c1.337-1.955 2.207-4.365 2.5-7v-.5l5-35 .5-4 2.5-3.5 20-28c4.824-7.72 4.31-16.665.5-22L360 200l-2.5-3-.5-3.5-6.5-35.5v-1c-.796-7.16-5.84-12.204-13-13h-.5l-35-5-4-.5-3.5-2.5-28.5-20.5c-2.668-1.905-6.334-3-10-3zM366.5 356c-6.544 5.165-14.402 8.824-23 10-.387.053-.61.457-1 .5v-.5l-31.5 5.5-7.5 5.5 34 52 11-25.5 4-10H391zm-221 .5l-24.5 37h38.5l4 10 11 25.5 34-51.5-7-5.5-30.5-4c-.157-.018-.343.02-.5 0-9.517-1.155-18.16-5.4-25-11.5z\"><\/path><\/svg><\/span><\/div>\n              <div\n                data-colibri-id=\"1084-c9\" class=\"h-global-transition-all h-heading style-1574 style-local-1084-c9 position-relative h-element\">\n                <!---->\n                <div class=\"h-heading__outer style-1574 style-local-1084-c9\">\n                  <!---->\n                  <!---->\n                  <a href=\"https:\/\/www.baixemporda.cat\/ca\/arees\/atencio-a-les-dones-siad\/documentacio-recursos-i-materials\/\" h-use-smooth-scroll=\"true\">\n                    <h4 class=\"\">Recursos i Materials<\/h4>\n                  <\/a>\n                <\/div>\n            <\/div>\n          <\/div>\n        <\/div>\n      <\/div>\n    <\/div>\n  <\/div>\n<\/div>\n<\/div>\n<\/div>","protected":false},"excerpt":{"rendered":"<p>Si ets una entitat o administraci\u00f3&#8230;.. Et donem idees per fer prevenci\u00f3 de viol\u00e8ncies&nbsp; Repositori de bones pr\u00e0ctiques Recursos i Materials<\/p>\n","protected":false},"author":2,"featured_media":0,"parent":0,"menu_order":0,"comment_status":"closed","ping_status":"closed","template":"page-templates\/full-width-page.php","meta":{"footnotes":""},"class_list":["post-1084","page","type-page","status-publish","hentry"],"_links":{"self":[{"href":"https:\/\/ovm.baixemporda.cat\/index.php\/wp-json\/wp\/v2\/pages\/1084","targetHints":{"allow":["GET"]}}],"collection":[{"href":"https:\/\/ovm.baixemporda.cat\/index.php\/wp-json\/wp\/v2\/pages"}],"about":[{"href":"https:\/\/ovm.baixemporda.cat\/index.php\/wp-json\/wp\/v2\/types\/page"}],"author":[{"embeddable":true,"href":"https:\/\/ovm.baixemporda.cat\/index.php\/wp-json\/wp\/v2\/users\/2"}],"replies":[{"embeddable":true,"href":"https:\/\/ovm.baixemporda.cat\/index.php\/wp-json\/wp\/v2\/comments?post=1084"}],"version-history":[{"count":6,"href":"https:\/\/ovm.baixemporda.cat\/index.php\/wp-json\/wp\/v2\/pages\/1084\/revisions"}],"predecessor-version":[{"id":3343,"href":"https:\/\/ovm.baixemporda.cat\/index.php\/wp-json\/wp\/v2\/pages\/1084\/revisions\/3343"}],"wp:attachment":[{"href":"https:\/\/ovm.baixemporda.cat\/index.php\/wp-json\/wp\/v2\/media?parent=1084"}],"curies":[{"name":"wp","href":"https:\/\/api.w.org\/{rel}","templated":true}]}}