{"id":1401,"date":"2022-05-24T15:06:11","date_gmt":"2022-05-24T13:06:11","guid":{"rendered":"https:\/\/ovm.baixemporda.cat\/?page_id=1401"},"modified":"2022-05-24T15:06:11","modified_gmt":"2022-05-24T13:06:11","slug":"guia-dels-drets-de-les-persones-victimes-de-violencia-de-genere","status":"publish","type":"page","link":"https:\/\/ovm.baixemporda.cat\/index.php\/guia-dels-drets-de-les-persones-victimes-de-violencia-de-genere\/","title":{"rendered":"Guia dels drets de les persones v\u00edctimes de viol\u00e8ncia de g\u00e8nere"},"content":{"rendered":"\n<div data-wp-interactive=\"core\/file\" class=\"wp-block-file\"><object data-wp-bind--hidden=\"!state.hasPdfPreview\" hidden class=\"wp-block-file__embed\" data=\"https:\/\/ovm.baixemporda.cat\/wp-content\/uploads\/2022\/05\/guiaderechosCAT12_2021.pdf\" type=\"application\/pdf\" style=\"width:100%;height:600px\" aria-label=\"Incrustaci\u00f3 del fitxer Incrustaci\u00f3 del fitxer guiaderechosCAT12_2021..\"><\/object><a id=\"wp-block-file--media-ba48d1b5-cc63-4e75-8a97-584a3a5a58f6\" href=\"https:\/\/ovm.baixemporda.cat\/wp-content\/uploads\/2022\/05\/guiaderechosCAT12_2021.pdf\">guiaderechosCAT12_2021<\/a><a href=\"https:\/\/ovm.baixemporda.cat\/wp-content\/uploads\/2022\/05\/guiaderechosCAT12_2021.pdf\" class=\"wp-block-file__button\" download aria-describedby=\"wp-block-file--media-ba48d1b5-cc63-4e75-8a97-584a3a5a58f6\">Baixa<\/a><\/div>\n","protected":false},"excerpt":{"rendered":"","protected":false},"author":2,"featured_media":0,"parent":0,"menu_order":0,"comment_status":"closed","ping_status":"closed","template":"","meta":{"footnotes":""},"class_list":["post-1401","page","type-page","status-publish","hentry"],"_links":{"self":[{"href":"https:\/\/ovm.baixemporda.cat\/index.php\/wp-json\/wp\/v2\/pages\/1401","targetHints":{"allow":["GET"]}}],"collection":[{"href":"https:\/\/ovm.baixemporda.cat\/index.php\/wp-json\/wp\/v2\/pages"}],"about":[{"href":"https:\/\/ovm.baixemporda.cat\/index.php\/wp-json\/wp\/v2\/types\/page"}],"author":[{"embeddable":true,"href":"https:\/\/ovm.baixemporda.cat\/index.php\/wp-json\/wp\/v2\/users\/2"}],"replies":[{"embeddable":true,"href":"https:\/\/ovm.baixemporda.cat\/index.php\/wp-json\/wp\/v2\/comments?post=1401"}],"version-history":[{"count":1,"href":"https:\/\/ovm.baixemporda.cat\/index.php\/wp-json\/wp\/v2\/pages\/1401\/revisions"}],"predecessor-version":[{"id":1404,"href":"https:\/\/ovm.baixemporda.cat\/index.php\/wp-json\/wp\/v2\/pages\/1401\/revisions\/1404"}],"wp:attachment":[{"href":"https:\/\/ovm.baixemporda.cat\/index.php\/wp-json\/wp\/v2\/media?parent=1401"}],"curies":[{"name":"wp","href":"https:\/\/api.w.org\/{rel}","templated":true}]}}