{"id":150,"date":"2022-03-15T11:40:29","date_gmt":"2022-03-15T09:40:29","guid":{"rendered":"https:\/\/ovm.baixemporda.cat\/?page_id=150"},"modified":"2022-03-23T22:07:07","modified_gmt":"2022-03-23T20:07:07","slug":"trata-de-dones-i-nenes","status":"publish","type":"page","link":"https:\/\/ovm.baixemporda.cat\/index.php\/trata-de-dones-i-nenes\/","title":{"rendered":"Trata de dones i menors"},"content":{"rendered":"\n<p>El tr\u00e0fic d&#8217;\u00e9ssers humans amb finalitat d&#8217;explotaci\u00f3 sexual ha estat definida com l&#8217;esclavitud del segle XXI. Segons la definici\u00f3 establerta al Protocol de Palerm, (any 2000, Nacions Unides), s&#8217;ent\u00e9n per tracta la captaci\u00f3, el transport, el trasllat, l&#8217;acolliment o la recepci\u00f3 de persones, recorrint a l&#8217;amena\u00e7a o l&#8217;\u00fas de la for\u00e7a o altres formes de coacci\u00f3, al rapte, al frau, a l&#8217;engany, a l&#8217;ab\u00fas de poder a una situaci\u00f3 de vulnerabilitat a la concessi\u00f3 o recepci\u00f3 de pagaments o beneficis. Per a  obtenir el consentiment duna persona que tingui autoritat sobre una altra, amb fins dexplotaci\u00f3. <\/p>\n\n\n\n<p>Aquesta explotaci\u00f3 inclour\u00e0, com a m\u00ednim, l\u201fexplotaci\u00f3 de la prostituci\u00f3  o altres formes d\u201fexplotaci\u00f3 sexual, els treballs o serveis for\u00e7ats, l\u201fesclavitud o les pr\u00e0ctiques an\u00e0logues al\u201fesclavitud, la servitud o l\u201fextracci\u00f3 d\u201f\u00f2rgans\u201d.<\/p>\n\n\n\n<p>De vegades, una dona en situaci\u00f3 de tr\u00e0fic pot haver accedit a exercir la prostituci\u00f3, per\u00f2 les condicions que es troba no s\u00f3n les acordades. En cas que existeixi la intenci\u00f3 d&#8217;explotaci\u00f3, fins i tot si aquesta explotaci\u00f3 no arriba a materialitzar-se, ens trobem igualment davant d&#8217;un delicte de tr\u00e0fic.<\/p>\n\n\n\n<p>A Europa, el tr\u00e0fic d&#8217;\u00e9ssers humans amb finalitat d&#8217;explotaci\u00f3 sexual \u00e9s la forma m\u00e9s habitual de tr\u00e0fic. Segons els darrers estudis*, la major part de les dones en situaci\u00f3 d&#8217;aquest tipus de tr\u00e0fic s\u00f3n dones i nenes provinents de l&#8217;Europa Central i l&#8217;Europa de l&#8217;Est; per\u00f2 tamb\u00e9 Brasil, Xina, Nig\u00e8ria o Vietnam. Les t\u00e8cniques m\u00e9s habituals de captaci\u00f3 s\u00f3n l&#8217;engany i el m\u00e8tode del \u201clover boy\u201d.<\/p>\n\n\n\n<p>La pr\u00f2pia complexitat i varietat del fenomen del tr\u00e0fic impedeix que hi pugui haver una f\u00f3rmula \u00fanica i definida per determinar quan una persona \u00e9s v\u00edctima de tr\u00e0fic. Aquestes persones s\u00f3n mantingudes a l&#8217;esclavitud a trav\u00e9s d&#8217;una combinaci\u00f3 de for\u00e7a, coacci\u00f3 i intimidaci\u00f3. Han estat enganyades sobre el treball, viatge, condicions de vida, estatut, &#8220;papers&#8221;, tractament. S\u00f3n mogudes pels tractants d&#8217;un lloc a l&#8217;altre perqu\u00e8 no guanyin confian\u00e7a o tinguin relacions amb persones externes a la xarxa. Les coaccionen perqu\u00e8 no denunci\u00efn la seva situaci\u00f3 ni les Forces de Seguretat de l&#8217;Estat, ni les administracions (centres de salut, oficina d&#8217;asil, etc.), ni les ONG que hi puguin entrar en contacte. Viuen durant tot el temps amb la por i la constant amena\u00e7a de viol\u00e8ncia contra elles o els seus familiars.<\/p>\n\n\n\n<p>Les v\u00edctimes de tr\u00e0fic de persones viuen, per tant, una vida marcada per l&#8217;ab\u00fas, la violaci\u00f3 dels seus drets humans i el control constant que pateixen els seus tractants.<\/p>\n\n\n\n<p>Per aix\u00f2, encara que cada v\u00edctima pot tenir una experi\u00e8ncia diferent, hi ha certs comportaments o situacions que, en major o menor mesura, s\u00f3n comunes i permeten que, a trav\u00e9s de certs indicis, es pugui detectar una situaci\u00f3 de tr\u00e0fic.<\/p>\n\n\n\n<p>A continuaci\u00f3 es recull tota una s\u00e8rie d&#8217;indicis que poden ajudar el personal que, per qualsevol motiu, pugui trobar-se a l&#8217;exercici de les seves funcions amb una possible v\u00edctima de tr\u00e0fic.<\/p>\n\n\n\n<p>Si vius una situaci\u00f3 com la descrita o coneixes alg\u00fa vivint-la, t\u2019animem a posar-te en contacte amb la policia a partir de les seg\u00fcents vies de contacte:\u00a0<\/p>\n\n\n\n<p>Tel\u00e9fon de Contacte: 900 10 50 90&nbsp;<\/p>\n\n\n\n<p>Email: trata@policia.es<\/p>\n\n\n\n<p>Twitter: @policia<\/p>\n\n\n\n<p>Hastag: #contralatrata<\/p>\n","protected":false},"excerpt":{"rendered":"<p>El tr\u00e0fic d&#8217;\u00e9ssers humans amb finalitat d&#8217;explotaci\u00f3 sexual ha estat definida com l&#8217;esclavitud del segle XXI. Segons la definici\u00f3 establerta al Protocol de Palerm, (any 2000, Nacions Unides), s&#8217;ent\u00e9n per tracta la captaci\u00f3, el transport, el trasllat, l&#8217;acolliment o la recepci\u00f3 de persones, recorrint a l&#8217;amena\u00e7a o l&#8217;\u00fas de la for\u00e7a o altres formes de [&hellip;]<\/p>\n","protected":false},"author":2,"featured_media":0,"parent":0,"menu_order":0,"comment_status":"closed","ping_status":"closed","template":"","meta":{"footnotes":""},"class_list":["post-150","page","type-page","status-publish","hentry"],"_links":{"self":[{"href":"https:\/\/ovm.baixemporda.cat\/index.php\/wp-json\/wp\/v2\/pages\/150","targetHints":{"allow":["GET"]}}],"collection":[{"href":"https:\/\/ovm.baixemporda.cat\/index.php\/wp-json\/wp\/v2\/pages"}],"about":[{"href":"https:\/\/ovm.baixemporda.cat\/index.php\/wp-json\/wp\/v2\/types\/page"}],"author":[{"embeddable":true,"href":"https:\/\/ovm.baixemporda.cat\/index.php\/wp-json\/wp\/v2\/users\/2"}],"replies":[{"embeddable":true,"href":"https:\/\/ovm.baixemporda.cat\/index.php\/wp-json\/wp\/v2\/comments?post=150"}],"version-history":[{"count":3,"href":"https:\/\/ovm.baixemporda.cat\/index.php\/wp-json\/wp\/v2\/pages\/150\/revisions"}],"predecessor-version":[{"id":262,"href":"https:\/\/ovm.baixemporda.cat\/index.php\/wp-json\/wp\/v2\/pages\/150\/revisions\/262"}],"wp:attachment":[{"href":"https:\/\/ovm.baixemporda.cat\/index.php\/wp-json\/wp\/v2\/media?parent=150"}],"curies":[{"name":"wp","href":"https:\/\/api.w.org\/{rel}","templated":true}]}}