{"id":156,"date":"2022-03-15T11:59:41","date_gmt":"2022-03-15T09:59:41","guid":{"rendered":"https:\/\/ovm.baixemporda.cat\/?page_id=156"},"modified":"2022-03-27T19:31:52","modified_gmt":"2022-03-27T17:31:52","slug":"feminicidis","status":"publish","type":"page","link":"https:\/\/ovm.baixemporda.cat\/index.php\/feminicidis\/","title":{"rendered":"Feminicidis"},"content":{"rendered":"\n<p>El feminicidi s&#8217;ha utilitzat per descriure els assassinats de dones per parelles \u00edntimes i membres de la fam\u00edlia; tamb\u00e9 s&#8217;ha utilitzat per descriure els assassinats relacionats amb el g\u00e8nere a la comunitat.&nbsp;<\/p>\n\n\n\n<p>En el p\u00e0gina que presentem a continuaci\u00f3 podr\u00e0s veure el total de feminicidis que s\u2019han produ\u00eft a Catalunya desde el 2012. Adem\u00e9s, aquestes dades podr\u00e1n ser filtrades a partir del nombre de fills de les vict\u00edmes, la relaci\u00f3 que es tenia amb&nbsp; l\u2019agressor, entre d\u2019altres\u2026&nbsp;<\/p>\n\n\n\n<p>Link: : <a href=\"https:\/\/app.powerbi.com\/view?r=eyJrIjoiNmRhOTBhNzktMzI5NS00Mzg3LTgzODQtYmRjOGM4YmYxYTI5IiwidCI6IjNiOTQyN2RjLWQzMGUtNDNiYy04YzA2LWZmNzI1MzY3NmZlYyIsImMiOjh9&amp;pageName=ReportSectionf558a6f22343e7250581\">https:\/\/app.powerbi.com\/view?r=eyJrIjoiNmRhOTBhNzktMzI5NS00Mzg3LTgzODQtYmRjOGM4YmYxYTI5IiwidCI6IjNiOTQyN2RjLWQzMGUtNDNiYy04YzA2LWZmNzI1MzY3NmZlYyIsImMiOjh9&amp;pageName=ReportSectionf558a6f22343e7250581<\/a><\/p>\n","protected":false},"excerpt":{"rendered":"<p>El feminicidi s&#8217;ha utilitzat per descriure els assassinats de dones per parelles \u00edntimes i membres de la fam\u00edlia; tamb\u00e9 s&#8217;ha utilitzat per descriure els assassinats relacionats amb el g\u00e8nere a la comunitat.&nbsp; En el p\u00e0gina que presentem a continuaci\u00f3 podr\u00e0s veure el total de feminicidis que s\u2019han produ\u00eft a Catalunya desde el 2012. Adem\u00e9s, aquestes [&hellip;]<\/p>\n","protected":false},"author":2,"featured_media":0,"parent":0,"menu_order":0,"comment_status":"closed","ping_status":"closed","template":"","meta":{"footnotes":""},"class_list":["post-156","page","type-page","status-publish","hentry"],"_links":{"self":[{"href":"https:\/\/ovm.baixemporda.cat\/index.php\/wp-json\/wp\/v2\/pages\/156","targetHints":{"allow":["GET"]}}],"collection":[{"href":"https:\/\/ovm.baixemporda.cat\/index.php\/wp-json\/wp\/v2\/pages"}],"about":[{"href":"https:\/\/ovm.baixemporda.cat\/index.php\/wp-json\/wp\/v2\/types\/page"}],"author":[{"embeddable":true,"href":"https:\/\/ovm.baixemporda.cat\/index.php\/wp-json\/wp\/v2\/users\/2"}],"replies":[{"embeddable":true,"href":"https:\/\/ovm.baixemporda.cat\/index.php\/wp-json\/wp\/v2\/comments?post=156"}],"version-history":[{"count":3,"href":"https:\/\/ovm.baixemporda.cat\/index.php\/wp-json\/wp\/v2\/pages\/156\/revisions"}],"predecessor-version":[{"id":322,"href":"https:\/\/ovm.baixemporda.cat\/index.php\/wp-json\/wp\/v2\/pages\/156\/revisions\/322"}],"wp:attachment":[{"href":"https:\/\/ovm.baixemporda.cat\/index.php\/wp-json\/wp\/v2\/media?parent=156"}],"curies":[{"name":"wp","href":"https:\/\/api.w.org\/{rel}","templated":true}]}}

<p>El feminicidi s&#8217;ha utilitzat per descriure els assassinats de dones per parelles íntimes i membres de la família; també s&#8217;ha utilitzat per descriure els assassinats relacionats amb el gènere a la comunitat.&nbsp;</p>



<p>En el pàgina que presentem a continuació podràs veure el total de feminicidis que s’han produït a Catalunya desde el 2012. Ademés, aquestes dades podrán ser filtrades a partir del nombre de fills de les victímes, la relació que es tenia amb&nbsp; l’agressor, entre d’altres…&nbsp;</p>



<p>Link: : <a href="https://app.powerbi.com/view?r=eyJrIjoiNmRhOTBhNzktMzI5NS00Mzg3LTgzODQtYmRjOGM4YmYxYTI5IiwidCI6IjNiOTQyN2RjLWQzMGUtNDNiYy04YzA2LWZmNzI1MzY3NmZlYyIsImMiOjh9&amp;pageName=ReportSectionf558a6f22343e7250581">https://app.powerbi.com/view?r=eyJrIjoiNmRhOTBhNzktMzI5NS00Mzg3LTgzODQtYmRjOGM4YmYxYTI5IiwidCI6IjNiOTQyN2RjLWQzMGUtNDNiYy04YzA2LWZmNzI1MzY3NmZlYyIsImMiOjh9&amp;pageName=ReportSectionf558a6f22343e7250581</a></p>

<p>El feminicidi s&#8217;ha utilitzat per descriure els assassinats de dones per parelles íntimes i membres de la família; també s&#8217;ha utilitzat per descriure els assassinats relacionats amb el gènere a la comunitat.&nbsp; En el pàgina que presentem a continuació podràs veure el total de feminicidis que s’han produït a Catalunya desde el 2012. Ademés, aquestes [&hellip;]</p>
