{"id":725,"date":"2022-03-30T11:28:54","date_gmt":"2022-03-30T09:28:54","guid":{"rendered":"https:\/\/ovm.baixemporda.cat\/?page_id=725"},"modified":"2022-10-24T10:06:47","modified_gmt":"2022-10-24T08:06:47","slug":"altres-practiques-arreu-del-territori","status":"publish","type":"page","link":"https:\/\/ovm.baixemporda.cat\/index.php\/altres-practiques-arreu-del-territori\/","title":{"rendered":"Altres pr\u00e0ctiques arreu del territori"},"content":{"rendered":"<div data-colibri-id=\"725-c1\" class=\"style-1536 style-local-725-c1 position-relative\">\n  <!---->\n  <div data-colibri-component=\"section\" data-colibri-id=\"725-c6\" id=\"about\" class=\"h-section h-section-global-spacing d-flex align-items-lg-center align-items-md-center align-items-center style-1541 style-local-725-c6 position-relative\">\n    <!---->\n    <!---->\n    <div class=\"h-section-grid-container h-section-boxed-container\">\n      <!---->\n      <div data-colibri-id=\"725-c7\" class=\"h-row-container gutters-row-lg-2 gutters-row-md-2 gutters-row-2 gutters-row-v-lg-2 gutters-row-v-md-2 gutters-row-v-2 style-1542 style-local-725-c7 position-relative\">\n        <!---->\n        <div class=\"h-row justify-content-lg-center justify-content-md-center justify-content-center align-items-lg-stretch align-items-md-stretch align-items-stretch gutters-col-lg-2 gutters-col-md-2 gutters-col-2 gutters-col-v-lg-2 gutters-col-v-md-2 gutters-col-v-2\">\n          <!---->\n          <div class=\"h-column h-column-container d-flex h-col-lg-auto h-col-md-auto h-col-auto style-1543-outer style-local-725-c8-outer\">\n            <div data-colibri-id=\"725-c8\" class=\"d-flex h-flex-basis h-column__inner h-px-lg-2 h-px-md-2 h-px-2 v-inner-lg-2 v-inner-md-2 v-inner-2 style-1543 style-local-725-c8 position-relative\">\n              <!---->\n              <!---->\n              <div class=\"w-100 h-y-container h-column__content h-column__v-align flex-basis-100 align-self-lg-center align-self-md-center align-self-center\">\n                <!---->\n                <div data-colibri-id=\"725-c10\" class=\"h-global-transition-all h-heading style-1545 style-local-725-c10 position-relative h-element\">\n                  <!---->\n                  <div class=\"h-heading__outer style-1545 style-local-725-c10\">\n                    <!---->\n                    <!---->\n                    <h2 class=\"\"><em style=\"color: rgb(247, 144, 7); font-family: &quot;Playfair Display&quot;;\">Plataforma unit\u00e0ria <\/em> contra&nbsp;<em style=\"color: rgb(247, 144, 7); font-family: &quot;Playfair Display&quot;;\">viol\u00e8ncies<\/em>&nbsp;les masclistes\n                      <\/h2>\n                  <\/div>\n                <\/div>\n                <div data-colibri-id=\"725-c12\" class=\"h-x-container style-1547 style-local-725-c12 position-relative h-element\">\n                  <!---->\n                  <div class=\"h-x-container-inner style-dynamic-725-c12-group style-1547-spacing style-local-725-c12-spacing\"><span class=\"h-button__outer style-1548-outer style-local-725-c13-outer d-inline-flex h-element\"><a h-use-smooth-scroll=\"true\" href=\"https:\/\/www.violenciadegenere.org\/actualitat\/bones-practiques-en-prevencio-de-les-violencies-masclistes-al-forum-jove-2n-passi\"  data-colibri-id=\"725-c13\" class=\"d-flex w-100 align-items-center h-button justify-content-lg-center justify-content-md-center justify-content-center style-1548 style-local-725-c13 position-relative\"><!----><!----> <span>m\u00e9s info<\/span><\/a>\n                    <\/span>\n                  <\/div>\n                <\/div>\n              <\/div>\n            <\/div>\n          <\/div>\n          <div class=\"h-column h-column-container d-flex h-col-lg-auto h-col-md-auto h-col-auto style-1549-outer style-local-725-c14-outer\">\n            <div data-colibri-id=\"725-c14\" class=\"d-flex h-flex-basis h-column__inner h-px-lg-2 h-px-md-2 h-px-2 v-inner-lg-2 v-inner-md-2 v-inner-2 style-1549 style-local-725-c14 position-relative\">\n              <!---->\n              <!---->\n              <div class=\"w-100 h-y-container h-column__content h-column__v-align flex-basis-100 align-self-lg-center align-self-md-center align-self-center\">\n                <!---->\n                <div data-colibri-id=\"725-c15\" class=\"d-block style-1550 style-local-725-c15 position-relative h-element\">\n                  <!---->\n                  <div class=\"h-image__frame-container-outer\">\n                    <div class=\"h-image__frame-container\">\n                      <!---->\n                      <!---->\n                      <img loading=\"lazy\" decoding=\"async\" width=\"1280\" height=\"674\" src=\"https:\/\/ovm.baixemporda.cat\/wp-content\/uploads\/2022\/10\/puzzle-circular-puzzle-platform-1713164.jpg\" class=\"wp-image-2747 style-1550-image style-local-725-c15-image\" alt=\"puzzle, circular puzzle, platform-1713164.jpg\" srcset=\"https:\/\/ovm.baixemporda.cat\/wp-content\/uploads\/2022\/10\/puzzle-circular-puzzle-platform-1713164.jpg 1280w, https:\/\/ovm.baixemporda.cat\/wp-content\/uploads\/2022\/10\/puzzle-circular-puzzle-platform-1713164-300x158.jpg 300w, https:\/\/ovm.baixemporda.cat\/wp-content\/uploads\/2022\/10\/puzzle-circular-puzzle-platform-1713164-1024x539.jpg 1024w, https:\/\/ovm.baixemporda.cat\/wp-content\/uploads\/2022\/10\/puzzle-circular-puzzle-platform-1713164-768x404.jpg 768w\" sizes=\"auto, (max-width: 1280px) 100vw, 1280px\" \/>\n                      <div class=\"h-image__frame h-hide-sm style-1550-frameImage style-local-725-c15-frameImage\"><\/div>\n                    <\/div>\n                  <\/div>\n                <\/div>\n              <\/div>\n            <\/div>\n          <\/div>\n        <\/div>\n      <\/div>\n    <\/div>\n  <\/div>\n  <div data-colibri-component=\"section\" data-colibri-id=\"725-c16\" id=\"about-2\" class=\"h-section h-section-global-spacing d-flex align-items-lg-center align-items-md-center align-items-center style-1551 style-local-725-c16 position-relative\">\n    <!---->\n    <!---->\n    <div class=\"h-section-grid-container h-section-boxed-container\">\n      <!---->\n      <div data-colibri-id=\"725-c17\" class=\"h-row-container gutters-row-lg-2 gutters-row-md-2 gutters-row-2 gutters-row-v-lg-2 gutters-row-v-md-2 gutters-row-v-2 style-1552 style-local-725-c17 position-relative\">\n        <!---->\n        <div class=\"h-row justify-content-lg-center justify-content-md-center justify-content-center align-items-lg-stretch align-items-md-stretch align-items-stretch gutters-col-lg-2 gutters-col-md-2 gutters-col-2 gutters-col-v-lg-2 gutters-col-v-md-2 gutters-col-v-2\">\n          <!---->\n          <div class=\"h-column h-column-container d-flex h-col-lg-auto h-col-md-auto h-col-auto style-1553-outer style-local-725-c18-outer\">\n            <div data-colibri-id=\"725-c18\" class=\"d-flex h-flex-basis h-column__inner h-px-lg-2 h-px-md-2 h-px-2 v-inner-lg-2 v-inner-md-2 v-inner-2 style-1553 style-local-725-c18 position-relative\">\n              <!---->\n              <!---->\n              <div class=\"w-100 h-y-container h-column__content h-column__v-align flex-basis-100 align-self-lg-center align-self-md-center align-self-center\">\n                <!---->\n                <div data-colibri-id=\"725-c20\" class=\"h-global-transition-all h-heading style-1555 style-local-725-c20 position-relative h-element\">\n                  <!---->\n                  <div class=\"h-heading__outer style-1555 style-local-725-c20\">\n                    <!---->\n                    <!---->\n                    <h2 class=\"\">Engega l&#8217;<em style=\"font-family: &quot;Playfair Display&quot;; color: rgb(247, 144, 7);\">UsApps<\/em>&nbsp;<\/h2>\n                  <\/div>\n                <\/div>\n                <div data-colibri-id=\"725-c21\" class=\"h-text h-text-component style-1556 style-local-725-c21 position-relative h-element\">\n                  <!---->\n                  <!---->\n                  <div class=\"\">\n                    <p><span style=\"font-weight: 400; font-size: 14px; font-family: OpenSansRegular, Helvetica, Arial, sans-serif; color: rgb(51, 51, 51);\">La Unitat de Suport a l\u2019Alumnat en situaci\u00f3 de Viol\u00e8ncia (USAV) neix del Pla de les Escoles Lliures de Viol\u00e8ncia el 2021 i dep\u00e8n de la Direcci\u00f3 General d&#8217;Alumnat del Departament d\u2019Educaci\u00f3<\/span>.<\/p>\n                  <\/div>\n                <\/div>\n                <div data-colibri-id=\"725-c22\" class=\"h-x-container style-1557 style-local-725-c22 position-relative h-element\">\n                  <!---->\n                  <div class=\"h-x-container-inner style-dynamic-725-c22-group style-1557-spacing style-local-725-c22-spacing\"><span class=\"h-button__outer style-1558-outer style-local-725-c23-outer d-inline-flex h-element\"><a h-use-smooth-scroll=\"true\" href=\"https:\/\/xtec.gencat.cat\/ca\/centres\/projeducatiu\/pla-escoles-lliures-de-violencies\/usav-usapps\/\"  data-colibri-id=\"725-c23\" class=\"d-flex w-100 align-items-center h-button justify-content-lg-center justify-content-md-center justify-content-center style-1558 style-local-725-c23 position-relative\"><!----><!----> <span>M\u00c9S INFO<\/span><\/a>\n                    <\/span>\n                  <\/div>\n                <\/div>\n              <\/div>\n            <\/div>\n          <\/div>\n          <div class=\"h-column h-column-container d-flex h-col-lg-auto h-col-md-auto h-col-auto style-1559-outer style-local-725-c24-outer\">\n            <div data-colibri-id=\"725-c24\" class=\"d-flex h-flex-basis h-column__inner h-px-lg-2 h-px-md-2 h-px-2 v-inner-lg-2 v-inner-md-2 v-inner-2 style-1559 style-local-725-c24 position-relative\">\n              <!---->\n              <!---->\n              <div class=\"w-100 h-y-container h-column__content h-column__v-align flex-basis-100 align-self-lg-center align-self-md-center align-self-center\">\n                <!---->\n                <div data-colibri-id=\"725-c25\" class=\"d-block style-1560 style-local-725-c25 position-relative h-element\">\n                  <!---->\n                  <div class=\"h-image__frame-container-outer\">\n                    <div class=\"h-image__frame-container\">\n                      <!---->\n                      <!---->\n                      <img loading=\"lazy\" decoding=\"async\" width=\"538\" height=\"538\" src=\"https:\/\/ovm.baixemporda.cat\/wp-content\/uploads\/2022\/10\/1.IMATGE-ENGANXINA-1.jpg_1595044798.jpg\" class=\"wp-image-2748 style-1560-image style-local-725-c25-image\" alt=\"\" srcset=\"https:\/\/ovm.baixemporda.cat\/wp-content\/uploads\/2022\/10\/1.IMATGE-ENGANXINA-1.jpg_1595044798.jpg 538w, https:\/\/ovm.baixemporda.cat\/wp-content\/uploads\/2022\/10\/1.IMATGE-ENGANXINA-1.jpg_1595044798-300x300.jpg 300w, https:\/\/ovm.baixemporda.cat\/wp-content\/uploads\/2022\/10\/1.IMATGE-ENGANXINA-1.jpg_1595044798-150x150.jpg 150w\" sizes=\"auto, (max-width: 538px) 100vw, 538px\" \/>\n                      <div class=\"h-image__frame h-hide-sm style-1560-frameImage style-local-725-c25-frameImage\"><\/div>\n                    <\/div>\n                  <\/div>\n                <\/div>\n              <\/div>\n            <\/div>\n          <\/div>\n        <\/div>\n      <\/div>\n    <\/div>\n  <\/div>\n<\/div>","protected":false},"excerpt":{"rendered":"<p>Plataforma unit\u00e0ria contra&nbsp;viol\u00e8ncies&nbsp;les masclistes m\u00e9s info Engega l&#8217;UsApps&nbsp; La Unitat de Suport a l\u2019Alumnat en situaci\u00f3 de Viol\u00e8ncia (USAV) neix del Pla de les Escoles Lliures de Viol\u00e8ncia el 2021 i dep\u00e8n de la Direcci\u00f3 General d&#8217;Alumnat del Departament d\u2019Educaci\u00f3. M\u00c9S INFO<\/p>\n","protected":false},"author":2,"featured_media":0,"parent":0,"menu_order":0,"comment_status":"closed","ping_status":"closed","template":"page-templates\/full-width-page.php","meta":{"footnotes":""},"class_list":["post-725","page","type-page","status-publish","hentry"],"_links":{"self":[{"href":"https:\/\/ovm.baixemporda.cat\/index.php\/wp-json\/wp\/v2\/pages\/725","targetHints":{"allow":["GET"]}}],"collection":[{"href":"https:\/\/ovm.baixemporda.cat\/index.php\/wp-json\/wp\/v2\/pages"}],"about":[{"href":"https:\/\/ovm.baixemporda.cat\/index.php\/wp-json\/wp\/v2\/types\/page"}],"author":[{"embeddable":true,"href":"https:\/\/ovm.baixemporda.cat\/index.php\/wp-json\/wp\/v2\/users\/2"}],"replies":[{"embeddable":true,"href":"https:\/\/ovm.baixemporda.cat\/index.php\/wp-json\/wp\/v2\/comments?post=725"}],"version-history":[{"count":11,"href":"https:\/\/ovm.baixemporda.cat\/index.php\/wp-json\/wp\/v2\/pages\/725\/revisions"}],"predecessor-version":[{"id":2770,"href":"https:\/\/ovm.baixemporda.cat\/index.php\/wp-json\/wp\/v2\/pages\/725\/revisions\/2770"}],"wp:attachment":[{"href":"https:\/\/ovm.baixemporda.cat\/index.php\/wp-json\/wp\/v2\/media?parent=725"}],"curies":[{"name":"wp","href":"https:\/\/api.w.org\/{rel}","templated":true}]}}

Altres pràctiques arreu del territori

<div data-colibri-id="725-c1" class="style-1536 style-local-725-c1 position-relative">
  <!---->
  <div data-colibri-component="section" data-colibri-id="725-c6" id="about" class="h-section h-section-global-spacing d-flex align-items-lg-center align-items-md-center align-items-center style-1541 style-local-725-c6 position-relative">
    <!---->
    <!---->
    <div class="h-section-grid-container h-section-boxed-container">
      <!---->
      <div data-colibri-id="725-c7" class="h-row-container gutters-row-lg-2 gutters-row-md-2 gutters-row-2 gutters-row-v-lg-2 gutters-row-v-md-2 gutters-row-v-2 style-1542 style-local-725-c7 position-relative">
        <!---->
        <div class="h-row justify-content-lg-center justify-content-md-center justify-content-center align-items-lg-stretch align-items-md-stretch align-items-stretch gutters-col-lg-2 gutters-col-md-2 gutters-col-2 gutters-col-v-lg-2 gutters-col-v-md-2 gutters-col-v-2">
          <!---->
          <div class="h-column h-column-container d-flex h-col-lg-auto h-col-md-auto h-col-auto style-1543-outer style-local-725-c8-outer">
            <div data-colibri-id="725-c8" class="d-flex h-flex-basis h-column__inner h-px-lg-2 h-px-md-2 h-px-2 v-inner-lg-2 v-inner-md-2 v-inner-2 style-1543 style-local-725-c8 position-relative">
              <!---->
              <!---->
              <div class="w-100 h-y-container h-column__content h-column__v-align flex-basis-100 align-self-lg-center align-self-md-center align-self-center">
                <!---->
                <div data-colibri-id="725-c10" class="h-global-transition-all h-heading style-1545 style-local-725-c10 position-relative h-element">
                  <!---->
                  <div class="h-heading__outer style-1545 style-local-725-c10">
                    <!---->
                    <!---->
                    <h2 class=""><em style="color: rgb(247, 144, 7); font-family: &quot;Playfair Display&quot;;">Plataforma unitària </em> contra&nbsp;<em style="color: rgb(247, 144, 7); font-family: &quot;Playfair Display&quot;;">violències</em>&nbsp;les masclistes
                      </h2>
                  </div>
                </div>
                <div data-colibri-id="725-c12" class="h-x-container style-1547 style-local-725-c12 position-relative h-element">
                  <!---->
                  <div class="h-x-container-inner style-dynamic-725-c12-group style-1547-spacing style-local-725-c12-spacing"><span class="h-button__outer style-1548-outer style-local-725-c13-outer d-inline-flex h-element"><a h-use-smooth-scroll="true" href="https://www.violenciadegenere.org/actualitat/bones-practiques-en-prevencio-de-les-violencies-masclistes-al-forum-jove-2n-passi"  data-colibri-id="725-c13" class="d-flex w-100 align-items-center h-button justify-content-lg-center justify-content-md-center justify-content-center style-1548 style-local-725-c13 position-relative"><!----><!----> <span>més info</span></a>
                    </span>
                  </div>
                </div>
              </div>
            </div>
          </div>
          <div class="h-column h-column-container d-flex h-col-lg-auto h-col-md-auto h-col-auto style-1549-outer style-local-725-c14-outer">
            <div data-colibri-id="725-c14" class="d-flex h-flex-basis h-column__inner h-px-lg-2 h-px-md-2 h-px-2 v-inner-lg-2 v-inner-md-2 v-inner-2 style-1549 style-local-725-c14 position-relative">
              <!---->
              <!---->
              <div class="w-100 h-y-container h-column__content h-column__v-align flex-basis-100 align-self-lg-center align-self-md-center align-self-center">
                <!---->
                <div data-colibri-id="725-c15" class="d-block style-1550 style-local-725-c15 position-relative h-element">
                  <!---->
                  <div class="h-image__frame-container-outer">
                    <div class="h-image__frame-container">
                      <!---->
                      <!---->
                      <img loading="lazy" decoding="async" width="1280" height="674" src="https://ovm.baixemporda.cat/wp-content/uploads/2022/10/puzzle-circular-puzzle-platform-1713164.jpg" class="wp-image-2747 style-1550-image style-local-725-c15-image" alt="puzzle, circular puzzle, platform-1713164.jpg" srcset="https://ovm.baixemporda.cat/wp-content/uploads/2022/10/puzzle-circular-puzzle-platform-1713164.jpg 1280w, https://ovm.baixemporda.cat/wp-content/uploads/2022/10/puzzle-circular-puzzle-platform-1713164-300x158.jpg 300w, https://ovm.baixemporda.cat/wp-content/uploads/2022/10/puzzle-circular-puzzle-platform-1713164-1024x539.jpg 1024w, https://ovm.baixemporda.cat/wp-content/uploads/2022/10/puzzle-circular-puzzle-platform-1713164-768x404.jpg 768w" sizes="auto, (max-width: 1280px) 100vw, 1280px" />
                      <div class="h-image__frame h-hide-sm style-1550-frameImage style-local-725-c15-frameImage"></div>
                    </div>
                  </div>
                </div>
              </div>
            </div>
          </div>
        </div>
      </div>
    </div>
  </div>
  <div data-colibri-component="section" data-colibri-id="725-c16" id="about-2" class="h-section h-section-global-spacing d-flex align-items-lg-center align-items-md-center align-items-center style-1551 style-local-725-c16 position-relative">
    <!---->
    <!---->
    <div class="h-section-grid-container h-section-boxed-container">
      <!---->
      <div data-colibri-id="725-c17" class="h-row-container gutters-row-lg-2 gutters-row-md-2 gutters-row-2 gutters-row-v-lg-2 gutters-row-v-md-2 gutters-row-v-2 style-1552 style-local-725-c17 position-relative">
        <!---->
        <div class="h-row justify-content-lg-center justify-content-md-center justify-content-center align-items-lg-stretch align-items-md-stretch align-items-stretch gutters-col-lg-2 gutters-col-md-2 gutters-col-2 gutters-col-v-lg-2 gutters-col-v-md-2 gutters-col-v-2">
          <!---->
          <div class="h-column h-column-container d-flex h-col-lg-auto h-col-md-auto h-col-auto style-1553-outer style-local-725-c18-outer">
            <div data-colibri-id="725-c18" class="d-flex h-flex-basis h-column__inner h-px-lg-2 h-px-md-2 h-px-2 v-inner-lg-2 v-inner-md-2 v-inner-2 style-1553 style-local-725-c18 position-relative">
              <!---->
              <!---->
              <div class="w-100 h-y-container h-column__content h-column__v-align flex-basis-100 align-self-lg-center align-self-md-center align-self-center">
                <!---->
                <div data-colibri-id="725-c20" class="h-global-transition-all h-heading style-1555 style-local-725-c20 position-relative h-element">
                  <!---->
                  <div class="h-heading__outer style-1555 style-local-725-c20">
                    <!---->
                    <!---->
                    <h2 class="">Engega l&#8217;<em style="font-family: &quot;Playfair Display&quot;; color: rgb(247, 144, 7);">UsApps</em>&nbsp;</h2>
                  </div>
                </div>
                <div data-colibri-id="725-c21" class="h-text h-text-component style-1556 style-local-725-c21 position-relative h-element">
                  <!---->
                  <!---->
                  <div class="">
                    <p><span style="font-weight: 400; font-size: 14px; font-family: OpenSansRegular, Helvetica, Arial, sans-serif; color: rgb(51, 51, 51);">La Unitat de Suport a l’Alumnat en situació de Violència (USAV) neix del Pla de les Escoles Lliures de Violència el 2021 i depèn de la Direcció General d&#8217;Alumnat del Departament d’Educació</span>.</p>
                  </div>
                </div>
                <div data-colibri-id="725-c22" class="h-x-container style-1557 style-local-725-c22 position-relative h-element">
                  <!---->
                  <div class="h-x-container-inner style-dynamic-725-c22-group style-1557-spacing style-local-725-c22-spacing"><span class="h-button__outer style-1558-outer style-local-725-c23-outer d-inline-flex h-element"><a h-use-smooth-scroll="true" href="https://xtec.gencat.cat/ca/centres/projeducatiu/pla-escoles-lliures-de-violencies/usav-usapps/"  data-colibri-id="725-c23" class="d-flex w-100 align-items-center h-button justify-content-lg-center justify-content-md-center justify-content-center style-1558 style-local-725-c23 position-relative"><!----><!----> <span>MÉS INFO</span></a>
                    </span>
                  </div>
                </div>
              </div>
            </div>
          </div>
          <div class="h-column h-column-container d-flex h-col-lg-auto h-col-md-auto h-col-auto style-1559-outer style-local-725-c24-outer">
            <div data-colibri-id="725-c24" class="d-flex h-flex-basis h-column__inner h-px-lg-2 h-px-md-2 h-px-2 v-inner-lg-2 v-inner-md-2 v-inner-2 style-1559 style-local-725-c24 position-relative">
              <!---->
              <!---->
              <div class="w-100 h-y-container h-column__content h-column__v-align flex-basis-100 align-self-lg-center align-self-md-center align-self-center">
                <!---->
                <div data-colibri-id="725-c25" class="d-block style-1560 style-local-725-c25 position-relative h-element">
                  <!---->
                  <div class="h-image__frame-container-outer">
                    <div class="h-image__frame-container">
                      <!---->
                      <!---->
                      <img loading="lazy" decoding="async" width="538" height="538" src="https://ovm.baixemporda.cat/wp-content/uploads/2022/10/1.IMATGE-ENGANXINA-1.jpg_1595044798.jpg" class="wp-image-2748 style-1560-image style-local-725-c25-image" alt="" srcset="https://ovm.baixemporda.cat/wp-content/uploads/2022/10/1.IMATGE-ENGANXINA-1.jpg_1595044798.jpg 538w, https://ovm.baixemporda.cat/wp-content/uploads/2022/10/1.IMATGE-ENGANXINA-1.jpg_1595044798-300x300.jpg 300w, https://ovm.baixemporda.cat/wp-content/uploads/2022/10/1.IMATGE-ENGANXINA-1.jpg_1595044798-150x150.jpg 150w" sizes="auto, (max-width: 538px) 100vw, 538px" />
                      <div class="h-image__frame h-hide-sm style-1560-frameImage style-local-725-c25-frameImage"></div>
                    </div>
                  </div>
                </div>
              </div>
            </div>
          </div>
        </div>
      </div>
    </div>
  </div>
</div>

<p>Plataforma unitària contra&nbsp;violències&nbsp;les masclistes més info Engega l&#8217;UsApps&nbsp; La Unitat de Suport a l’Alumnat en situació de Violència (USAV) neix del Pla de les Escoles Lliures de Violència el 2021 i depèn de la Direcció General d&#8217;Alumnat del Departament d’Educació. MÉS INFO</p>
